{"id":8,"date":"2026-01-26T21:33:46","date_gmt":"2026-01-26T20:33:46","guid":{"rendered":"https:\/\/kancelariafeniks.pl\/?page_id=8"},"modified":"2026-01-26T21:48:31","modified_gmt":"2026-01-26T20:48:31","slug":"feniks-kancelaria-doradcy-restrukturyzacyjnego-natalia-koziel","status":"publish","type":"page","link":"https:\/\/kancelariafeniks.pl\/","title":{"rendered":"FENIKS &#8211; Kancelaria Doradcy Restrukturyzacyjnego Natalia Kozie\u0142"},"content":{"rendered":"\n<p><\/p>\n\n\n\n<div class=\"wp-block-cover alignfull has-accent-1-color has-text-color has-link-color wp-elements-16fcdc676114338e7911c1f8bff02350\" style=\"margin-top:0;margin-bottom:0;padding-top:200px;padding-right:var(--wp--preset--spacing--50);padding-bottom:200px;padding-left:var(--wp--preset--spacing--50);min-height:100vh;aspect-ratio:unset;\"><img decoding=\"async\" class=\"wp-block-cover__image-background\" alt=\"Zdj\u0119cie przedstawiaj\u0105ce pole pe\u0142ne kwiat\u00f3w, b\u0142\u0119kitne niebo i drzewo.\" src=\"https:\/\/kancelariafeniks.pl\/wp-content\/themes\/twentytwentyfive\/assets\/images\/coming-soon-bg-image.webp\" data-object-fit=\"cover\"\/><span aria-hidden=\"true\" class=\"wp-block-cover__background has-background-dim-10 has-background-dim\"><\/span><div class=\"wp-block-cover__inner-container has-global-padding is-layout-constrained wp-container-core-cover-is-layout-d47c59a2 wp-block-cover-is-layout-constrained\">\n<h2 class=\"wp-block-heading has-text-align-center is-style-default has-xx-large-font-size\">Ju\u017c wkr\u00f3tce nasza witryna internetowa b\u0119dzie gotowa.<\/h2>\n\n\n\n<p class=\"has-text-align-center\">W sprawach pilnych prosimy o kontakt &#8211; 607 583 513.<\/p>\n\n\n\n<figure class=\"wp-block-image aligncenter size-full is-resized\"><img loading=\"lazy\" decoding=\"async\" width=\"508\" height=\"227\" src=\"https:\/\/kancelariafeniks.pl\/wp-content\/uploads\/2026\/01\/logo1-1.png\" alt=\"\" class=\"wp-image-12\" style=\"width:227px;height:auto\" srcset=\"https:\/\/kancelariafeniks.pl\/wp-content\/uploads\/2026\/01\/logo1-1.png 508w, https:\/\/kancelariafeniks.pl\/wp-content\/uploads\/2026\/01\/logo1-1-300x134.png 300w\" sizes=\"auto, (max-width: 508px) 100vw, 508px\" \/><\/figure>\n<\/div><\/div>\n\n\n\n<p><\/p>\n","protected":false},"excerpt":{"rendered":"","protected":false},"author":2,"featured_media":0,"parent":0,"menu_order":0,"comment_status":"closed","ping_status":"closed","template":"","meta":{"footnotes":""},"class_list":["post-8","page","type-page","status-publish","hentry"],"_links":{"self":[{"href":"https:\/\/kancelariafeniks.pl\/index.php\/wp-json\/wp\/v2\/pages\/8","targetHints":{"allow":["GET"]}}],"collection":[{"href":"https:\/\/kancelariafeniks.pl\/index.php\/wp-json\/wp\/v2\/pages"}],"about":[{"href":"https:\/\/kancelariafeniks.pl\/index.php\/wp-json\/wp\/v2\/types\/page"}],"author":[{"embeddable":true,"href":"https:\/\/kancelariafeniks.pl\/index.php\/wp-json\/wp\/v2\/users\/2"}],"replies":[{"embeddable":true,"href":"https:\/\/kancelariafeniks.pl\/index.php\/wp-json\/wp\/v2\/comments?post=8"}],"version-history":[{"count":6,"href":"https:\/\/kancelariafeniks.pl\/index.php\/wp-json\/wp\/v2\/pages\/8\/revisions"}],"predecessor-version":[{"id":24,"href":"https:\/\/kancelariafeniks.pl\/index.php\/wp-json\/wp\/v2\/pages\/8\/revisions\/24"}],"wp:attachment":[{"href":"https:\/\/kancelariafeniks.pl\/index.php\/wp-json\/wp\/v2\/media?parent=8"}],"curies":[{"name":"wp","href":"https:\/\/api.w.org\/{rel}","templated":true}]}}